= -a**3 - 19*a**2 - 31*a - 10. Give z(-17).
-61
Let r(d) = d**2 + 34*d + 37. Calculate r(-30).
-83
Let b(j) = 2*j**3 - 12*j**2 - 7*j + 47. Calculate b(6).
5
Let y(c) = 41940*c + 293586. What is y(-7)?
6
Let l(u) = 63*u - 47. Calculate l(2).
79
Let p(d) = d**3 + 24*d**2 + 143*d + 54. Give p(-14).
12
Let s(q) = 2*q**3 + 44*q**2 + 181*q + 173. Calculate s(-17).
-14
Let j(z) = 600*z + 10801. Give j(-18).
1
Let n(c) = -2*c**3 + 16*c**2 - 12*c - 32. Calculate n(7).
-18
Let t(y) = -y**3 + 10*y**2 - 39*y + 55. Determine t(8).
-129
Let d(k) = -72*k + 1948. Calculate d(26).
76
Let b(i) = -i**3 + 53*i**2 - 44*i - 123. Determine b(52).
293
Let n(m) = -2*m + 37. Calculate n(0).
37
Let z(f) = -f**2 + 42*f + 10390. What is z(-83)?
15
Let z(u) = 12*u**2 + 13*u + 21. Calculate z(-4).
161
Let f(t) = t**3 - 11*t**2 + t - 6. Give f(6).
-180
Let a(r) = 2*r**2 - 109*r + 96. What is a(43)?
-893
Let v(w) = -3*w**3 + 32*w**2 + 17*w - 18. Determine v(11).
48
Let x(s) = -4*s**2 + 1244*s - 1244. What is x(1)?
-4
Let o(r) = 17*r + 42. Give o(-7).
-77
Let f(l) = -201*l - 4418. Determine f(-22).
4
Let n(f) = f**3 - 14*f**2 - 11*f - 199. Calculate n(15).
-139
Let x(l) = -10*l**3 + 51*l**2 - 4*l - 17. Determine x(5).
-12
Let n(w) = 446*w - 2230. Calculate n(5).
0
Let y(l) = -30*l - 227. Calculate y(-9).
43
Let s(j) = -j**3 + 28*j**2 - 141*j - 4. Give s(22).
-202
Let h(l) = l**3 - 20*l**2 - 215*l + 3357. Give h(23).
-1
Let p(l) = 2*l**3 + 114*l**2 - 236*l - 2. Give p(-59).
-2
Let c(z) = -14*z + 52. Calculate c(-15).
262
Let a(d) = -d**3 + d**2 + 13*d + 8. Determine a(5).
-27
Let n(u) = u**2 - 230*u + 895. Determine n(4).
-9
Let p(d) = 66*d - 91. Calculate p(3).
107
Let r(o) = o**3 - 11*o**2 + 11*o + 9. Give r(9).
-54
Let c(s) = s**2 + 141*s - 6577. Determine c(37).
9
Let s(o) = -34*o + 142. What is s(4)?
6
Let w(z) = -1743*z + 15694. What is w(9)?
7
Let t(d) = d**2 - 275*d + 17722. Determine t(103).
6
Let w(v) = v**3 + 101*v**2 - 17*v - 1698. Give w(-101).
19
Let o(s) = -s**3 + 53*s**2 - 98*s - 202. Give o(51).
2
Let o(i) = 152*i - 491. Calculate o(3).
-35
Let p(f) = f**2 + 2*f - 971. Determine p(-32).
-11
Let g(b) = 2*b**3 + 23*b**2 + 7*b - 39. Determine g(-11).
5
Let x(k) = 2*k**3 - 66*k**2 + 65*k - 60. Calculate x(32).
-28
Let l(n) = -151*n - 1499. Determine l(-10).
11
Let d(f) = 2*f**2 - 366*f + 11828. What is d(141)?
-16
Let i(g) = -4*g**2 + 35*g + 18. Give i(14).
-276
Let t(c) = c**2 - 71*c - 145. Give t(73).
1
Let j(a) = 18*a - 33. Give j(-7).
-159
Let b(z) = 2*z**2 + 161*z - 3897. What is b(-100)?
3
Let z(k) = k**3 - 46*k**2 + 85*k + 121. Give z(44).
-11
Let j(x) = -x**2 - 25*x + 11598. Calculate j(96).
-18
Let p(k) = k**3 + 17*k**2 + 66*k + 45. Calculate p(-11).
45
Let q(v) = -v - 348. What is q(-35)?
-313
Let q(b) = b**3 + 31*b**2 - 204*b - 875. Calculate q(-36).
-11
Let z(u) = 5*u**2 + 9*u - 11. Calculate z(6).
223
Let r(y) = y**3 - 31*y**2 + 147*y + 18. Calculate r(25).
-57
Let u(q) = 43*q**2 - 4717*q - 1437. What is u(110)?
-7
Let c(n) = 2*n**2 + 2963*n - 14882. Determine c(5).
-17
Let a(i) = i**3 - 19*i**2 + 4*i + 136. Determine a(18).
-116
Let k(t) = -t**2 + 71*t + 1383. Calculate k(-16).
-9
Let c(g) = 6*g**2 + 127*g + 420. Calculate c(-17).
-5
Let c(j) = j**2 - 26*j - 566. Calculate c(-12).
-110
Let w(c) = -2*c**2 - 171*c - 1336. What is w(-8)?
-96
Let m(s) = 13*s + 400. Determine m(-31).
-3
Let i(z) = 19879*z + 119272. What is i(-6)?
-2
Let h(o) = 3*o**2 - 356*o + 8106. Calculate h(88).
10
Let o(s) = -2*s**2 + 138*s - 425. Determine o(66).
-29
Let c(q) = -q**2 + 122*q + 480. Calculate c(-4).
-24
Let t(g) = -g**2 - 62*g - 928. Calculate t(-27).
17
Let d(n) = -57*n + 71. Determine d(2).
-43
Let n(g) = -g**3 - 21*g**2 + 22*g - 59. Determine n(-19).
-1199
Let o(y) = -1104*y - 23175. Give o(-21).
9
Let x(i) = -2*i**3 + 262*i**2 + 260*i + 537. Determine x(132).
9
Let h(b) = 83*b + 2402. Determine h(-29).
-5
Let x(q) = -81*q + 55. What is x(-10)?
865
Let v(x) = 29*x**3 + 114*x**2 - 12*x - 8. Calculate v(-4).
8
Let g(k) = k**3 + 53*k**2 - 4*k - 232. Determine g(-53).
-20
Let w(q) = -733*q - 8056. Determine w(-11).
7
Let i(b) = 333*b - 6097. What is i(18)?
-103
Let m(j) = -162*j + 648. Calculate m(4).
0
Let x(v) = -2*v**2 + 91*v - 500. Determine x(7).
39
Let f(b) = -5*b**2 + 96*b - 248. Calculate f(16).
8
Let i(d) = -d**2 - 36*d + 200. Give i(-41).
-5
Let u(x) = -x**3 + 13*x**2 - 18*x + 250. Calculate u(13).
16
Let t(m) = 11*m + 53. Determine t(16).
229
Let i(b) = -2*b**3 + 27*b**2 + 33*b - 61. Calculate i(14).
205
Let h(p) = 921*p**2 + 20262*p + 15. What is h(-22)?
15
Let i(x) = -68*x + 1761. Determine i(27).
-75
Let t(b) = -3*b**2 - 7*b - 154. Calculate t(-9).
-334
Let d(o) = -417*o + 2509. Give d(6).
7
Let j(t) = -4*t**2 + 110*t - 19. Determine j(27).
35
Let d(x) = 3*x**3 - 38*x**2 - 35*x + 291. What is d(13)?
5
Let m(o) = 6*o**3 - 9*o**2 - 6*o - 5. Determine m(2).
-5
Let d(i) = -473*i + 481. Determine d(1).
8
Let d(l) = -3*l - 23. Give d(-1).
-20
Let j(w) = 3*w**3 + 23*w**2 - 66*w + 39. What is j(-10)?
-1
Let w(x) = -2*x**2 - 28*x - 88. What is w(-9)?
2
Let x(r) = -2*r**3 + 663*r**2 - 336*r + 1646. Determine x(331).
-9
Let h(j) = -152*j**3 + 2*j**2 - 63*j + 63. Give h(1).
-150
Let h(j) = 18*j + 1074. Give h(-49).
192
Let t(z) = 7*z**2 + 171*z - 237. Determine t(-25).
-137
Let h(j) = -j**3 - 26*j**2 - 137*j - 394. Determine h(-21).
278
Let a(d) = -4*d - 836. Give a(-50).
-636
Let s(y) = 9*y + 60. Determine s(-7).
-3
Let x(n) = 524*n + 3138. What is x(-6)?
-6
Let w(o) = -90*o + 29. Determine w(-2).
209
Let l(j) = -3*j**3 + 180*j**2 - 18*j + 1084. Give l(60).
4
Let u(n) = -2*n**3 + 86*n**2 - 13*n + 553. Calculate u(43).
-6
Let d(i) = 153*i - 2447. Calculate d(13).
-458
Let h(z) = 13*z**2 + 1081*z + 162. Give h(-83).
-4
Let c(m) = 21*m - 973. Give c(4).
-889
Let l(n) = -30*n**2 + 47*n + 66. Give l(-1).
-11
Let y(x) = -5*x**2 + 24*x + 126. Determine y(11).
-215
Let z(p) = -158*p - 6777. Give z(-43).
17
Let k(v) = -92*v + 5552. What is k(60)?
32
Let d(n) = -14*n**2 - 58*n - 52. Determine d(-1).
-8
Let w(l) = -l**3 - 46*l**2 - 127*l + 210. What is w(-43)?
124
Let q(f) = -f**3 + 60*f**2 - 175*f + 129. Determine q(57).
-99
Let p(z) = z**2 + 13*z - 10. What is p(3)?
38
Let y(l) = -8*l**3 + 30*l**2 + 9*l - 8. What is y(5)?
-213
Let h(c) = -12*c**2 - 145*c - 14. What is h(-10)?
236
Let t(x) = 98*x - 3145. Calculate t(32).
-9
Let n(f) = 8*f**2 - 139*f + 141. Calculate n(1).
10
Let i(t) = -4*t**2 + 72*t - 142. Give i(16).
-14
Let h(u) = 2*u**2 - 129*u + 1927. Calculate h(41).
0
Let f(u) = -u**3 + 3*u**2 + 4*u - 26. What is f(4)?
-26
Let l(j) = 3*j**2 + 2844*j - 11422. Give l(4).
2
Let k(c) = -3972*c - 87383. Give k(-22).
1
Let m(t) = -2*t**3 - 70*t**2 - 74*t - 180. Give m(-34).
24
Let u(p) = 2*p**2 + 7*p - 46. Determine u(-7).
3
Let g(y) = -y**2 - 11*y + 68. Calculate g(-13).
42
Let m(d) = -377*d + 3397. Determine m(9).
4
Let c(k) = 18*k**2 + 182*k + 18. Determine c(-10).
-2
Let n(q) = 27*q**2 + 40*q + 41. Calculate n(-1).
28
Let s(b) = -12*b**3 + 33*b**2 - 4*b + 4. What is s(2)?
32
Let s(q) = -5*q**2 - 110*q - 30. What is s(-22)?
-30
Let h(n) = 8*n + 117. Determine h(30).
357
Let i(w) = -w**2 - 16*w + 295. Calculate i(11).
-2
Let a(v) = -v**2 + 34*v - 251. Determine a(12).
13
Let q(v) = -2*v**3 - 36*v**2 - 29*v - 109. What is q(-17)?
-194
Let s(z) = -z**2 - 39*z - 231. Calculate s(-24).
129
Let o(b) = -219*b - 1208. What is o(-6)?
106
Let u(i) = -383*i - 394. What is u(-1)?
-11
Let l(m) = -m**2 + 67*m + 128. Determine l(0).
128
Let n(s) = -s**2 - 153*s + 783. Determine n(-158).
-7
Let d(t) = -t**3 - 30*t**2 + 31*t + 4. Calculate d(-31).
4
Let u(p) = -p**2 + 61*p - 495. Determine u(10).
15
Let o(n) = n**2 - 16*n + 40. Calculate o(8).
-24
Let p(d) = 3*d**2 + 26*d + 15. Determine p(-15).
300
Let t(d) = -6*d**2 - d + 2. What is t(1)?
-5
Let l(a) = a**2 - 9*a - 32. Calculate l(-5).
38
Let c(j) = -11*j**3 + 130*j**2 + 16*j + 52. Determine c(12).
-44
Let h(k) = -k**2 + 16*k + 2037. What is h(-38)?
-15
Let j(o) = -183*o - 4405. Determine j(-24).
-13
Let q(s) = 392*s + 2341. Determine q(-6).
-11
Let t(a) = -4*a**3 + 47*a**2 - 14*a - 135. Determine t(11).
74
Let i(m) = -m**2 + 221*m + 2286. Determine i(231).
-24
Let h(a) = 2*a**2 + 59*a - 4887. Calculate h(37).
34
Let q(f) = f**2 - 